{"id":2782,"date":"2012-01-31T10:55:00","date_gmt":"2012-01-31T09:55:00","guid":{"rendered":"https:\/\/andrew.albert-visuals.at\/buffet\/baptiste-lignel-fece-la-vie\/"},"modified":"2023-05-01T16:25:56","modified_gmt":"2023-05-01T14:25:56","slug":"baptiste-lignel-fece-la-vie","status":"publish","type":"buffet","link":"https:\/\/andrew-phelps.com\/de\/buffet\/baptiste-lignel-fece-la-vie\/","title":{"rendered":"Baptiste Lignel &#8211; Face \u00e0 La Vie"},"content":{"rendered":"\n<p><span class=\"Apple-style-span\" style=\"font-family: verdana; font-size: 100%;\"><a href=\"http:\/\/www.otra-vista.com\/author.php?id=1\">Baptiste Lignel<\/a>, who&#8217;s book <a href=\"https:\/\/buffet.andrew-phelps.com\/2011\/02\/baptiste-lignel-ce-qui-demeure-vol-1.html\">Ce Qui Demeure<\/a> I have featured before, is raising money for his next book which will support a very important cause. He has spent the last year, following a small magazine assignment, photographing in the pediatric cancer ward at the hospital in Garches. The images show the daily struggles, routines, fear and pain, punctuated by moments of laughter; &#8220;a place where life is happening.&#8221;<\/span><\/p>\n\n\n\n<p><span class=\"Apple-style-span\" style=\"font-family: verdana; font-size: 100%;\">There is a show on right now, until March 4th in the Cit\u00e9 des Science in Paris, where the images are accompanied by interviews.<\/span><\/p>\n\n\n\n<p><span class=\"Apple-style-span\" style=\"font-family: verdana; font-size: 100%;\">The ultimate goal is to produce a book, the profits of which will go to support <strong>Regarde la Vie, <\/strong>a charity organization which works directly in the children&#8217;s ward.<\/span><\/p>\n\n\n\n<p><span class=\"Apple-style-span\" style=\"font-family: verdana; font-size: 100%;\">Follow the project on his specific site. <a href=\"http:\/\/www.facealavie.org\/\">www.facealavie.org <\/a> to pre-order a book and help support the cause.<\/span><\/p>\n\n\n\n<figure class=\"wp-block-image size-full\"><img decoding=\"async\" src=\"https:\/\/andrew-phelps.com\/wp-content\/uploads\/2023\/05\/image-179.jpeg\" alt=\"\" class=\"wp-image-497\"\/><figcaption>Ouarda Goumri, 28 ans, et Mansour Ottman, 34 ans, rient en regardant la t\u00e9l\u00e9 dans le \u00ab Club M\u00e9d \u00bb (lieu de vie des patients), apr\u00e8s le d\u00e9jeuner.Service d&#8217;oncologie p\u00e9diatrique de l&#8217;H\u00f4pital Raymond Poincarr\u00e9 \u00e0 Garches.<\/figcaption><\/figure>\n\n\n\n<figure class=\"wp-block-image size-full\"><img decoding=\"async\" src=\"https:\/\/andrew-phelps.com\/wp-content\/uploads\/2023\/05\/image-180.jpeg\" alt=\"\" class=\"wp-image-498\"\/><figcaption>Nicolas Delano\u00eb, 4 ans, parle \u00e0 l\u2019oreille de sa m\u00e8re Annie.Service d&#8217;oncologie p\u00e9diatrique de l&#8217;H\u00f4pital Raymond Poincarr\u00e9 \u00e0 Garches.<\/figcaption><\/figure>\n\n\n\n<figure class=\"wp-block-image size-full\"><img decoding=\"async\" src=\"https:\/\/andrew-phelps.com\/wp-content\/uploads\/2023\/05\/image-181.jpeg\" alt=\"\" class=\"wp-image-499\"\/><figcaption>Laura Swiderski, 18 ans, branch\u00e9e \u00e0 la pompe qui dose et injecte le traitement de chimioth\u00e9rapie, prenant un rayon de soleil dans la cours de l\u2019h\u00f4pital.Service d&#8217;oncologie p\u00e9diatrique de l&#8217;H\u00f4pital Raymond Poincarr\u00e9 \u00e0 Garches.<\/figcaption><\/figure>\n\n\n\n<figure class=\"wp-block-image size-full\"><img decoding=\"async\" src=\"https:\/\/andrew-phelps.com\/wp-content\/uploads\/2023\/05\/image-182.jpeg\" alt=\"\" class=\"wp-image-500\"\/><figcaption>Franciane, Emilie, aides soignantes, et Carl Mombo, 14 ans, dans un couloir du service.Service d&#8217;oncologie p\u00e9diatrique de l&#8217;H\u00f4pital Raymond Poincarr\u00e9 \u00e0 Garches.<\/figcaption><\/figure>\n\n\n\n<figure class=\"wp-block-image size-full\"><img decoding=\"async\" src=\"https:\/\/andrew-phelps.com\/wp-content\/uploads\/2023\/05\/image-183.jpeg\" alt=\"\" class=\"wp-image-501\"\/><figcaption>Marwan Shehata, 11 ans, dans le coma, et son p\u00e8re Salah, lors d\u2019une s\u00e9ance de kin\u00e9.Service d&#8217;oncologie p\u00e9diatrique de l&#8217;H\u00f4pital Raymond Poincarr\u00e9 \u00e0 Garches.<\/figcaption><\/figure>\n\n\n\n<p><span class=\"Apple-style-span\" style=\"font-family: verdana; font-size: 85%;\">all images: Baptiste Lignel, 2010-2011<\/span><\/p>\n","protected":false},"featured_media":2783,"template":"","class_list":["post-2782","buffet","type-buffet","status-publish","has-post-thumbnail"],"acf":[],"yoast_head":"<!-- This site is optimized with the Yoast SEO plugin v26.5 - https:\/\/yoast.com\/wordpress\/plugins\/seo\/ -->\n<title>Baptiste Lignel - Face \u00e0 La Vie - Andrew Phelps<\/title>\n<meta name=\"robots\" content=\"index, follow, max-snippet:-1, max-image-preview:large, max-video-preview:-1\" \/>\n<link rel=\"canonical\" href=\"https:\/\/andrew-phelps.com\/buffet\/baptiste-lignel-fece-la-vie\/\" \/>\n<meta property=\"og:locale\" content=\"de_DE\" \/>\n<meta property=\"og:type\" content=\"article\" \/>\n<meta property=\"og:title\" content=\"Baptiste Lignel - Face \u00e0 La Vie - Andrew Phelps\" \/>\n<meta property=\"og:description\" content=\"Baptiste Lignel, who&#8217;s book Ce Qui Demeure I have featured before, is raising money for his next book which will support a very important cause. He has spent the last year, following a small magazine assignment, photographing in the pediatric cancer ward at the hospital in Garches. The images show the daily struggles, routines, fear [&hellip;]\" \/>\n<meta property=\"og:url\" content=\"https:\/\/andrew-phelps.com\/buffet\/baptiste-lignel-fece-la-vie\/\" \/>\n<meta property=\"og:site_name\" content=\"Andrew Phelps\" \/>\n<meta property=\"article:modified_time\" content=\"2023-05-01T14:25:56+00:00\" \/>\n<meta property=\"og:image\" content=\"https:\/\/andrew-phelps.com\/wp-content\/uploads\/2023\/05\/image-179.jpeg\" \/>\n\t<meta property=\"og:image:width\" content=\"734\" \/>\n\t<meta property=\"og:image:height\" content=\"489\" \/>\n\t<meta property=\"og:image:type\" content=\"image\/jpeg\" \/>\n<meta name=\"twitter:card\" content=\"summary_large_image\" \/>\n<meta name=\"twitter:label1\" content=\"Gesch\u00e4tzte Lesezeit\" \/>\n\t<meta name=\"twitter:data1\" content=\"1\u00a0Minute\" \/>\n<script type=\"application\/ld+json\" class=\"yoast-schema-graph\">{\"@context\":\"https:\/\/schema.org\",\"@graph\":[{\"@type\":\"WebPage\",\"@id\":\"https:\/\/andrew-phelps.com\/buffet\/baptiste-lignel-fece-la-vie\/\",\"url\":\"https:\/\/andrew-phelps.com\/buffet\/baptiste-lignel-fece-la-vie\/\",\"name\":\"Baptiste Lignel - Face \u00e0 La Vie - Andrew Phelps\",\"isPartOf\":{\"@id\":\"https:\/\/andrew-phelps.com\/#website\"},\"primaryImageOfPage\":{\"@id\":\"https:\/\/andrew-phelps.com\/buffet\/baptiste-lignel-fece-la-vie\/#primaryimage\"},\"image\":{\"@id\":\"https:\/\/andrew-phelps.com\/buffet\/baptiste-lignel-fece-la-vie\/#primaryimage\"},\"thumbnailUrl\":\"https:\/\/andrew-phelps.com\/wp-content\/uploads\/2023\/05\/image-179.jpeg\",\"datePublished\":\"2012-01-31T09:55:00+00:00\",\"dateModified\":\"2023-05-01T14:25:56+00:00\",\"breadcrumb\":{\"@id\":\"https:\/\/andrew-phelps.com\/buffet\/baptiste-lignel-fece-la-vie\/#breadcrumb\"},\"inLanguage\":\"de\",\"potentialAction\":[{\"@type\":\"ReadAction\",\"target\":[\"https:\/\/andrew-phelps.com\/buffet\/baptiste-lignel-fece-la-vie\/\"]}]},{\"@type\":\"ImageObject\",\"inLanguage\":\"de\",\"@id\":\"https:\/\/andrew-phelps.com\/buffet\/baptiste-lignel-fece-la-vie\/#primaryimage\",\"url\":\"https:\/\/andrew-phelps.com\/wp-content\/uploads\/2023\/05\/image-179.jpeg\",\"contentUrl\":\"https:\/\/andrew-phelps.com\/wp-content\/uploads\/2023\/05\/image-179.jpeg\",\"width\":734,\"height\":489},{\"@type\":\"BreadcrumbList\",\"@id\":\"https:\/\/andrew-phelps.com\/buffet\/baptiste-lignel-fece-la-vie\/#breadcrumb\",\"itemListElement\":[{\"@type\":\"ListItem\",\"position\":1,\"name\":\"Home\",\"item\":\"https:\/\/andrew-phelps.com\/de\/\"},{\"@type\":\"ListItem\",\"position\":2,\"name\":\"Baptiste Lignel &#8211; Face \u00e0 La Vie\"}]},{\"@type\":\"WebSite\",\"@id\":\"https:\/\/andrew-phelps.com\/#website\",\"url\":\"https:\/\/andrew-phelps.com\/\",\"name\":\"Andrew Phelps\",\"description\":\"\",\"publisher\":{\"@id\":\"https:\/\/andrew-phelps.com\/#\/schema\/person\/b71fc0faa4e32b3ec16caa2274dfdaec\"},\"potentialAction\":[{\"@type\":\"SearchAction\",\"target\":{\"@type\":\"EntryPoint\",\"urlTemplate\":\"https:\/\/andrew-phelps.com\/?s={search_term_string}\"},\"query-input\":{\"@type\":\"PropertyValueSpecification\",\"valueRequired\":true,\"valueName\":\"search_term_string\"}}],\"inLanguage\":\"de\"},{\"@type\":[\"Person\",\"Organization\"],\"@id\":\"https:\/\/andrew-phelps.com\/#\/schema\/person\/b71fc0faa4e32b3ec16caa2274dfdaec\",\"name\":\"Andrew Phelps\",\"image\":{\"@type\":\"ImageObject\",\"inLanguage\":\"de\",\"@id\":\"https:\/\/andrew-phelps.com\/#\/schema\/person\/image\/\",\"url\":\"https:\/\/andrew-phelps.com\/wp-content\/uploads\/AndrewPhelpsLogo.png\",\"contentUrl\":\"https:\/\/andrew-phelps.com\/wp-content\/uploads\/AndrewPhelpsLogo.png\",\"width\":981,\"height\":143,\"caption\":\"Andrew Phelps\"},\"logo\":{\"@id\":\"https:\/\/andrew-phelps.com\/#\/schema\/person\/image\/\"},\"sameAs\":[\"https:\/\/www.instagram.com\/andrew_phelps_buffet\/\"]}]}<\/script>\n<!-- \/ Yoast SEO plugin. -->","yoast_head_json":{"title":"Baptiste Lignel - Face \u00e0 La Vie - Andrew Phelps","robots":{"index":"index","follow":"follow","max-snippet":"max-snippet:-1","max-image-preview":"max-image-preview:large","max-video-preview":"max-video-preview:-1"},"canonical":"https:\/\/andrew-phelps.com\/buffet\/baptiste-lignel-fece-la-vie\/","og_locale":"de_DE","og_type":"article","og_title":"Baptiste Lignel - Face \u00e0 La Vie - Andrew Phelps","og_description":"Baptiste Lignel, who&#8217;s book Ce Qui Demeure I have featured before, is raising money for his next book which will support a very important cause. He has spent the last year, following a small magazine assignment, photographing in the pediatric cancer ward at the hospital in Garches. The images show the daily struggles, routines, fear [&hellip;]","og_url":"https:\/\/andrew-phelps.com\/buffet\/baptiste-lignel-fece-la-vie\/","og_site_name":"Andrew Phelps","article_modified_time":"2023-05-01T14:25:56+00:00","og_image":[{"width":734,"height":489,"url":"https:\/\/andrew-phelps.com\/wp-content\/uploads\/2023\/05\/image-179.jpeg","type":"image\/jpeg"}],"twitter_card":"summary_large_image","twitter_misc":{"Gesch\u00e4tzte Lesezeit":"1\u00a0Minute"},"schema":{"@context":"https:\/\/schema.org","@graph":[{"@type":"WebPage","@id":"https:\/\/andrew-phelps.com\/buffet\/baptiste-lignel-fece-la-vie\/","url":"https:\/\/andrew-phelps.com\/buffet\/baptiste-lignel-fece-la-vie\/","name":"Baptiste Lignel - Face \u00e0 La Vie - Andrew Phelps","isPartOf":{"@id":"https:\/\/andrew-phelps.com\/#website"},"primaryImageOfPage":{"@id":"https:\/\/andrew-phelps.com\/buffet\/baptiste-lignel-fece-la-vie\/#primaryimage"},"image":{"@id":"https:\/\/andrew-phelps.com\/buffet\/baptiste-lignel-fece-la-vie\/#primaryimage"},"thumbnailUrl":"https:\/\/andrew-phelps.com\/wp-content\/uploads\/2023\/05\/image-179.jpeg","datePublished":"2012-01-31T09:55:00+00:00","dateModified":"2023-05-01T14:25:56+00:00","breadcrumb":{"@id":"https:\/\/andrew-phelps.com\/buffet\/baptiste-lignel-fece-la-vie\/#breadcrumb"},"inLanguage":"de","potentialAction":[{"@type":"ReadAction","target":["https:\/\/andrew-phelps.com\/buffet\/baptiste-lignel-fece-la-vie\/"]}]},{"@type":"ImageObject","inLanguage":"de","@id":"https:\/\/andrew-phelps.com\/buffet\/baptiste-lignel-fece-la-vie\/#primaryimage","url":"https:\/\/andrew-phelps.com\/wp-content\/uploads\/2023\/05\/image-179.jpeg","contentUrl":"https:\/\/andrew-phelps.com\/wp-content\/uploads\/2023\/05\/image-179.jpeg","width":734,"height":489},{"@type":"BreadcrumbList","@id":"https:\/\/andrew-phelps.com\/buffet\/baptiste-lignel-fece-la-vie\/#breadcrumb","itemListElement":[{"@type":"ListItem","position":1,"name":"Home","item":"https:\/\/andrew-phelps.com\/de\/"},{"@type":"ListItem","position":2,"name":"Baptiste Lignel &#8211; Face \u00e0 La Vie"}]},{"@type":"WebSite","@id":"https:\/\/andrew-phelps.com\/#website","url":"https:\/\/andrew-phelps.com\/","name":"Andrew Phelps","description":"","publisher":{"@id":"https:\/\/andrew-phelps.com\/#\/schema\/person\/b71fc0faa4e32b3ec16caa2274dfdaec"},"potentialAction":[{"@type":"SearchAction","target":{"@type":"EntryPoint","urlTemplate":"https:\/\/andrew-phelps.com\/?s={search_term_string}"},"query-input":{"@type":"PropertyValueSpecification","valueRequired":true,"valueName":"search_term_string"}}],"inLanguage":"de"},{"@type":["Person","Organization"],"@id":"https:\/\/andrew-phelps.com\/#\/schema\/person\/b71fc0faa4e32b3ec16caa2274dfdaec","name":"Andrew Phelps","image":{"@type":"ImageObject","inLanguage":"de","@id":"https:\/\/andrew-phelps.com\/#\/schema\/person\/image\/","url":"https:\/\/andrew-phelps.com\/wp-content\/uploads\/AndrewPhelpsLogo.png","contentUrl":"https:\/\/andrew-phelps.com\/wp-content\/uploads\/AndrewPhelpsLogo.png","width":981,"height":143,"caption":"Andrew Phelps"},"logo":{"@id":"https:\/\/andrew-phelps.com\/#\/schema\/person\/image\/"},"sameAs":["https:\/\/www.instagram.com\/andrew_phelps_buffet\/"]}]}},"_links":{"self":[{"href":"https:\/\/andrew-phelps.com\/de\/wp-json\/wp\/v2\/buffet\/2782","targetHints":{"allow":["GET"]}}],"collection":[{"href":"https:\/\/andrew-phelps.com\/de\/wp-json\/wp\/v2\/buffet"}],"about":[{"href":"https:\/\/andrew-phelps.com\/de\/wp-json\/wp\/v2\/types\/buffet"}],"version-history":[{"count":0,"href":"https:\/\/andrew-phelps.com\/de\/wp-json\/wp\/v2\/buffet\/2782\/revisions"}],"wp:featuredmedia":[{"embeddable":true,"href":"https:\/\/andrew-phelps.com\/de\/wp-json\/wp\/v2\/media\/2783"}],"wp:attachment":[{"href":"https:\/\/andrew-phelps.com\/de\/wp-json\/wp\/v2\/media?parent=2782"}],"curies":[{"name":"wp","href":"https:\/\/api.w.org\/{rel}","templated":true}]}}

Baptiste Lignel &#8211; Face à La Vie

<p><span class="Apple-style-span" style="font-family: verdana; font-size: 100%;"><a href="http://www.otra-vista.com/author.php?id=1">Baptiste Lignel</a>, who&#8217;s book <a href="https://buffet.andrew-phelps.com/2011/02/baptiste-lignel-ce-qui-demeure-vol-1.html">Ce Qui Demeure</a> I have featured before, is raising money for his next book which will support a very important cause. He has spent the last year, following a small magazine assignment, photographing in the pediatric cancer ward at the hospital in Garches. The images show the daily struggles, routines, fear and pain, punctuated by moments of laughter; &#8220;a place where life is happening.&#8221;</span></p>



<p><span class="Apple-style-span" style="font-family: verdana; font-size: 100%;">There is a show on right now, until March 4th in the Cité des Science in Paris, where the images are accompanied by interviews.</span></p>



<p><span class="Apple-style-span" style="font-family: verdana; font-size: 100%;">The ultimate goal is to produce a book, the profits of which will go to support <strong>Regarde la Vie, </strong>a charity organization which works directly in the children&#8217;s ward.</span></p>



<p><span class="Apple-style-span" style="font-family: verdana; font-size: 100%;">Follow the project on his specific site. <a href="http://www.facealavie.org/">www.facealavie.org </a> to pre-order a book and help support the cause.</span></p>



<figure class="wp-block-image size-full"><img decoding="async" src="https://andrew-phelps.com/wp-content/uploads/2023/05/image-179.jpeg" alt="" class="wp-image-497"/><figcaption>Ouarda Goumri, 28 ans, et Mansour Ottman, 34 ans, rient en regardant la télé dans le « Club Méd » (lieu de vie des patients), après le déjeuner.Service d&#8217;oncologie pédiatrique de l&#8217;Hôpital Raymond Poincarré à Garches.</figcaption></figure>



<figure class="wp-block-image size-full"><img decoding="async" src="https://andrew-phelps.com/wp-content/uploads/2023/05/image-180.jpeg" alt="" class="wp-image-498"/><figcaption>Nicolas Delanoë, 4 ans, parle à l’oreille de sa mère Annie.Service d&#8217;oncologie pédiatrique de l&#8217;Hôpital Raymond Poincarré à Garches.</figcaption></figure>



<figure class="wp-block-image size-full"><img decoding="async" src="https://andrew-phelps.com/wp-content/uploads/2023/05/image-181.jpeg" alt="" class="wp-image-499"/><figcaption>Laura Swiderski, 18 ans, branchée à la pompe qui dose et injecte le traitement de chimiothérapie, prenant un rayon de soleil dans la cours de l’hôpital.Service d&#8217;oncologie pédiatrique de l&#8217;Hôpital Raymond Poincarré à Garches.</figcaption></figure>



<figure class="wp-block-image size-full"><img decoding="async" src="https://andrew-phelps.com/wp-content/uploads/2023/05/image-182.jpeg" alt="" class="wp-image-500"/><figcaption>Franciane, Emilie, aides soignantes, et Carl Mombo, 14 ans, dans un couloir du service.Service d&#8217;oncologie pédiatrique de l&#8217;Hôpital Raymond Poincarré à Garches.</figcaption></figure>



<figure class="wp-block-image size-full"><img decoding="async" src="https://andrew-phelps.com/wp-content/uploads/2023/05/image-183.jpeg" alt="" class="wp-image-501"/><figcaption>Marwan Shehata, 11 ans, dans le coma, et son père Salah, lors d’une séance de kiné.Service d&#8217;oncologie pédiatrique de l&#8217;Hôpital Raymond Poincarré à Garches.</figcaption></figure>



<p><span class="Apple-style-span" style="font-family: verdana; font-size: 85%;">all images: Baptiste Lignel, 2010-2011</span></p>

<!-- This site is optimized with the Yoast SEO plugin v26.5 - https://yoast.com/wordpress/plugins/seo/ -->
<title>Baptiste Lignel - Face à La Vie - Andrew Phelps</title>
<meta name="robots" content="index, follow, max-snippet:-1, max-image-preview:large, max-video-preview:-1" />
<link rel="canonical" href="https://andrew-phelps.com/buffet/baptiste-lignel-fece-la-vie/" />
<meta property="og:locale" content="de_DE" />
<meta property="og:type" content="article" />
<meta property="og:title" content="Baptiste Lignel - Face à La Vie - Andrew Phelps" />
<meta property="og:description" content="Baptiste Lignel, who&#8217;s book Ce Qui Demeure I have featured before, is raising money for his next book which will support a very important cause. He has spent the last year, following a small magazine assignment, photographing in the pediatric cancer ward at the hospital in Garches. The images show the daily struggles, routines, fear [&hellip;]" />
<meta property="og:url" content="https://andrew-phelps.com/buffet/baptiste-lignel-fece-la-vie/" />
<meta property="og:site_name" content="Andrew Phelps" />
<meta property="article:modified_time" content="2023-05-01T14:25:56+00:00" />
<meta property="og:image" content="https://andrew-phelps.com/wp-content/uploads/2023/05/image-179.jpeg" />
	<meta property="og:image:width" content="734" />
	<meta property="og:image:height" content="489" />
	<meta property="og:image:type" content="image/jpeg" />
<meta name="twitter:card" content="summary_large_image" />
<meta name="twitter:label1" content="Geschätzte Lesezeit" />
	<meta name="twitter:data1" content="1 Minute" />
<script type="application/ld+json" class="yoast-schema-graph">{"@context":"https://schema.org","@graph":[{"@type":"WebPage","@id":"https://andrew-phelps.com/buffet/baptiste-lignel-fece-la-vie/","url":"https://andrew-phelps.com/buffet/baptiste-lignel-fece-la-vie/","name":"Baptiste Lignel - Face à La Vie - Andrew Phelps","isPartOf":{"@id":"https://andrew-phelps.com/#website"},"primaryImageOfPage":{"@id":"https://andrew-phelps.com/buffet/baptiste-lignel-fece-la-vie/#primaryimage"},"image":{"@id":"https://andrew-phelps.com/buffet/baptiste-lignel-fece-la-vie/#primaryimage"},"thumbnailUrl":"https://andrew-phelps.com/wp-content/uploads/2023/05/image-179.jpeg","datePublished":"2012-01-31T09:55:00+00:00","dateModified":"2023-05-01T14:25:56+00:00","breadcrumb":{"@id":"https://andrew-phelps.com/buffet/baptiste-lignel-fece-la-vie/#breadcrumb"},"inLanguage":"de","potentialAction":[{"@type":"ReadAction","target":["https://andrew-phelps.com/buffet/baptiste-lignel-fece-la-vie/"]}]},{"@type":"ImageObject","inLanguage":"de","@id":"https://andrew-phelps.com/buffet/baptiste-lignel-fece-la-vie/#primaryimage","url":"https://andrew-phelps.com/wp-content/uploads/2023/05/image-179.jpeg","contentUrl":"https://andrew-phelps.com/wp-content/uploads/2023/05/image-179.jpeg","width":734,"height":489},{"@type":"BreadcrumbList","@id":"https://andrew-phelps.com/buffet/baptiste-lignel-fece-la-vie/#breadcrumb","itemListElement":[{"@type":"ListItem","position":1,"name":"Home","item":"https://andrew-phelps.com/de/"},{"@type":"ListItem","position":2,"name":"Baptiste Lignel &#8211; Face à La Vie"}]},{"@type":"WebSite","@id":"https://andrew-phelps.com/#website","url":"https://andrew-phelps.com/","name":"Andrew Phelps","description":"","publisher":{"@id":"https://andrew-phelps.com/#/schema/person/b71fc0faa4e32b3ec16caa2274dfdaec"},"potentialAction":[{"@type":"SearchAction","target":{"@type":"EntryPoint","urlTemplate":"https://andrew-phelps.com/?s={search_term_string}"},"query-input":{"@type":"PropertyValueSpecification","valueRequired":true,"valueName":"search_term_string"}}],"inLanguage":"de"},{"@type":["Person","Organization"],"@id":"https://andrew-phelps.com/#/schema/person/b71fc0faa4e32b3ec16caa2274dfdaec","name":"Andrew Phelps","image":{"@type":"ImageObject","inLanguage":"de","@id":"https://andrew-phelps.com/#/schema/person/image/","url":"https://andrew-phelps.com/wp-content/uploads/AndrewPhelpsLogo.png","contentUrl":"https://andrew-phelps.com/wp-content/uploads/AndrewPhelpsLogo.png","width":981,"height":143,"caption":"Andrew Phelps"},"logo":{"@id":"https://andrew-phelps.com/#/schema/person/image/"},"sameAs":["https://www.instagram.com/andrew_phelps_buffet/"]}]}</script>
<!-- / Yoast SEO plugin. -->

Baptiste Lignel - Face à La Vie - Andrew Phelps
